late the highest common divisor of f and v.
10
Let o(u) = 39*u - 85. Let n be o(9). Suppose 0 = 122*m - 115*m - n. Let y = 587 - 397. What is the greatest common divisor of y and m?
38
Let k(x) be the first derivative of x**2/2 + 6*x + 2. Let v be k(-4). Let a = 8851 + -8833. Calculate the highest common divisor of v and a.
2
Let x be 12/24 - (1740/(-8) - 3). Let q be (42/(-4))/(6/12). Let f = q - -34. Calculate the highest common factor of x and f.
13
Let c(w) = -17*w - 25 + 24 - 12*w - 10*w. Let m be c(1). Let a be (25 + 0)*(-16)/m. Calculate the highest common divisor of 20 and a.
10
Let d = -37 + 35. Let m be (-3 + -2 - -1)/d. Suppose -28 = -4*n - m*v, 4*n - 30 + 8 = -5*v. Calculate the greatest common factor of n and 8.
8
Let c = 9252 + -8217. Calculate the greatest common factor of 45 and c.
45
Let a be (-137)/5 + (-30)/50. Let l(w) = 2*w + 67. Let d be l(a). What is the greatest common divisor of d and 11?
11
Suppose -5*b - 12 = 4*i + 27, 2*b - 5*i + 9 = 0. Let t(q) = -q**3 - 6*q**2 - 5*q - 22. Let n be t(b). What is the greatest common factor of 248 and n?
62
Let y(t) = 174*t**2 + 2*t + 2. Let c be y(-1). Let x = c + -245. Let s = x - -89. Calculate the highest common factor of 72 and s.
18
Suppose -5*p = -5 + 85. Let r = p + 38. Suppose -970 = -5*u + 5*z, 0 = -2*u + z + 34 + 358. What is the greatest common factor of u and r?
22
Suppose 0 = 4*g - v - 209, 0 = -g - v - v + 50. Let l = -249 + 150. Let p = -95 - l. What is the greatest common factor of g and p?
4
Let z be 467*(-4 + (-5)/2)*(4 + -6). Calculate the highest common divisor of z and 13.
13
Let v be (2448/(-14))/(-2)*(-203)/(-58). Calculate the highest common divisor of 1683 and v.
153
Let w = -76 - -78. Suppose 0 = w*r - 23 + 1. Let c be r + ((-3)/6)/(2/12). Calculate the highest common divisor of 136 and c.
8
Let v be (-1)/(11/(-2)) - 20/(-11). Let p be (0*((-14)/6 + v))/2. Suppose p = -4*q + 256 + 128. What is the greatest common divisor of 24 and q?
24
Let a(p) = p**3 - 16*p**2 + 20*p - 40. Let w be a(15). Suppose w*t - 31*t - 52 = 0. Suppose -74 = t*v - 503. Calculate the greatest common factor of v and 11.
11
Suppose -2*d + 0 = -8. Let p be -3*((-8)/(-6) - d). Let c be (-414)/(-24) + (14/p)/(-7). What is the highest common factor of c and 51?
17
Suppose -41*y = -20*y + 252. Let j = 18 - y. What is the greatest common divisor of 45 and j?
15
Suppose 12*u = 1508 - 416. Let c(o) = -8*o - 1. Let j be c(-2). Suppose 0*z - 8 = 2*z, 5*z - j = -5*v. What is the greatest common factor of v and u?
7
Let b be 14/4*7*2. Let g(c) = 2*c**3 + 5*c**2 - 27*c - 3. Let t be (22/(-33))/(-1*6/(-45)). Let w be g(t). What is the highest common divisor of w and b?
7
Suppose 156 = 2*m + 2*m. Suppose 0 = 2*a - 253 + m. Suppose -a - 9 = -4*d. What is the highest common factor of 116 and d?
29
Let v be (-96)/14*(-154)/4. Suppose -74*u = -77*u + v. What is the greatest common factor of u and 44?
44
Suppose 6*f - 321 = 4*f - 3*t, 5*f + 5*t - 790 = 0. Calculate the greatest common factor of 561 and f.
51
Let x = 1387 - 739. Suppose 0 = 4*l, -2*z + 8*z + 24 = 9*z + 5*l. What is the highest common divisor of z and x?
8
Suppose 2*j + 2*j = 4. Let o be 1 - -206 - (-16 + 15) - -4. Let s = o + -208. Calculate the highest common factor of j and s.
1
Let t(a) = -a**2 - 2*a - 16. Let n be t(0). Let w be 9/12 - 372/n. Suppose b = 4*b - w. What is the highest common divisor of 20 and b?
4
Let c(y) = -y**3 + 29*y**2 - 48*y - 23. Let z be c(21). What is the greatest common divisor of 11 and z?
11
Let o = 217 - 193. Suppose 2*t = -4*g + 42, 0 = 3*g - g - 2*t - o. Calculate the greatest common divisor of g and 143.
11
Let k = -1696 - -1716. Calculate the greatest common divisor of k and 18.
2
Let w(m) = 169*m**2 + 4*m - 4. Let a be w(1). Suppose -19*h + a = -97. Calculate the greatest common factor of h and 2.
2
Let m = -76 + 137. Let x = 58 - m. Let z be x/(-5) - 1177/(-55). Calculate the highest common divisor of 77 and z.
11
Suppose 25 - 10 = -3*r. Let l(h) = 5*h**2 + 26*h + 15. Let m be l(r). What is the greatest common divisor of 350 and m?
10
Suppose y - 3195 = 3212 + 11637. What is the greatest common factor of 52 and y?
52
Let w = 937 - 857. What is the greatest common divisor of w and 1040?
80
Let w be (-3)/(-33) + (-9624)/792*-6. Let a = -200 + 492. Calculate the greatest common factor of w and a.
73
Let s = 1358 - 1348. What is the highest common divisor of s and 55?
5
Suppose 15*v + 31*v - 900 = 16*v. What is the highest common divisor of v and 1215?
15
Let t(z) = -6*z. Let x be t(-13). Let r(b) be the first derivative of 17*b**2/2 - 46*b + 30. Let p be r(5). Calculate the greatest common divisor of p and x.
39
Let c = -8132 + 12295. What is the greatest common factor of 69 and c?
23
Let a be (3 - 0 - -22)*(-8 - 189/(-15)). Calculate the greatest common divisor of 4945 and a.
115
Suppose -2497 = -4*a + q, a - 12*q + 14*q = 622. Calculate the highest common divisor of a and 336.
48
Let j = 11 + -9. Suppose -4*f = -j*f - 4*d - 1076, -3*d = -3*f + 1614. Let h be f/6 - (55/15)/(-11). Calculate the highest common factor of h and 10.
10
Suppose -5*z + z - 120 = -4*m, -5*z = m - 42. Suppose -3400*p + 2227448 = 430*p - 591432. What is the greatest common divisor of p and m?
32
Let o = 139 - 95. Let w = -50 + o. Let j(h) = 3*h**2 + 4*h - 2. Let b be j(w). What is the highest common factor of b and 123?
41
Let b = 14370 - 13120. What is the greatest common divisor of 200 and b?
50
Let q = 94 - -26. Let s = -26 - -29. Suppose 5*t - 4*y - 116 = -6*y, 74 = s*t - y. What is the highest common factor of t and q?
24
Let f(p) = 2*p**3 + p**2 - 7*p + 7. Let j be f(1). Let s be (-330)/(-12)*6 - (j - 3). Calculate the greatest common divisor of s and 220.
55
Suppose 0 = -2*f - 78*w + 81*w + 71, 3*f - 101 = -w. Suppose -d - 750 = -2*q, 5*d = 5*q - 0*d - 1880. What is the highest common factor of q and f?
34
Let l be (-1)/1*(6 + -627). Let x(r) = 2*r**3 - 66*r**2 + 69*r - 91. Let u be x(32). What is the greatest common factor of l and u?
69
Let g(l) be the third derivative of -l**4/6 + 91*l**3/6 - 2*l**2 + 67*l. Let x be g(-42). Calculate the greatest common factor of x and 74.
37
Let o = -46 + 101. Suppose 16 = o*i - 53*i. Suppose -i*j - 144 = -12*j. What is the highest common factor of j and 36?
36
Suppose 0 = -4*a - 8, -4*a = -394*m + 392*m + 14. Calculate the highest common divisor of m and 9216.
3
Suppose -1160 = -28*w + 12*w - 24*w. What is the greatest common divisor of w and 7627?
29
Let c be 21469/(-14)*-2 - 7. Let l be 8/28 + c/21 + -2. Calculate the greatest common divisor of l and 192.
48
Let l = -81 - -31. Let a be (3/(-2))/((-5)/l*-3). Suppose 0 = -0*u + u - a*v - 68, u - 2*v = 56. Calculate the greatest common factor of 32 and u.
16
Let p(g) = -30*g**2 - 15*g - 67*g - 176*g**3 + 12 + 175*g**3. Let f be p(-27). Calculate the greatest common divisor of f and 429.
39
Suppose -56*x + 32049 + 6661 = -7*x. What is the highest common divisor of 10 and x?
10
Let f = -66 + 69. Let q(o) be the second derivative of -o**5/20 + o**4/3 - o**3/6 + 4*o. Let b be q(f). Calculate the highest common factor of 30 and b.
6
Suppose -3*i = 4*j + 6, -2*j - 7*i + 5*i - 4 = 0. Suppose j = -2*h + 203 - 173. Calculate the greatest common factor of h and 15.
15
Let f = -1877 - -1998. What is the greatest common divisor of f and 352?
11
Let d(x) = 39*x - 1868. Let c be d(56). What is the highest common divisor of c and 9954?
158
Let z(b) = 3*b - 12. Let r = -50 + 20. Let x = r + 38. Let m be z(x). What is the greatest common divisor of 36 and m?
12
Suppose -97*f = -92*f - 1500. What is the greatest common factor of 8 and f?
4
Let o = 885 - 752. What is the greatest common divisor of o and 49?
7
Let z(y) = -61*y - 507. Let r be z(-9). Let i be -14*(0 + 207/(-6)). Calculate the highest common factor of i and r.
21
Let z(s) = -2*s**2 - 75*s**3 + 1 + 104*s**3 - 2*s - 67*s**3. Let m be z(-2). What is the highest common factor of m and 43?
43
Suppose 0*v + 24 = 2*s + 4*v, -3*v = 4*s - 53. Let m = 376 + -222. Calculate the highest common factor of m and s.
14
Let j(n) = 3*n**3 - 2*n**2 + 3. Let s = -12 - -14. Let b be j(s). Let t(r) = 4*r - 1. Let c be t(5). Calculate the greatest common factor of c and b.
19
Let s = -26 + 50. Let h be (464/5